hat is the highest common factor of 1284 and 9972?
12
Calculate the highest common divisor of 17220 and 399.
21
Calculate the highest common divisor of 1007337 and 18226.
701
Calculate the greatest common divisor of 3 and 416649.
3
What is the highest common divisor of 2542 and 64821?
1271
What is the greatest common divisor of 65904 and 216?
24
What is the greatest common factor of 133966 and 49?
49
Calculate the greatest common factor of 3530736 and 99.
99
Calculate the greatest common factor of 413 and 73337.
59
What is the greatest common divisor of 20 and 5575060?
20
What is the highest common factor of 2576 and 466992?
368
Calculate the greatest common factor of 18025 and 117523.
721
What is the greatest common divisor of 18 and 806202?
18
Calculate the greatest common factor of 39681 and 162.
9
Calculate the greatest common divisor of 2278 and 36850.
134
Calculate the highest common divisor of 520 and 2510.
10
Calculate the highest common factor of 1089172 and 14.
14
What is the highest common factor of 3435 and 1995?
15
Calculate the highest common divisor of 29755 and 4455.
55
What is the greatest common divisor of 2730 and 10972?
26
Calculate the greatest common divisor of 32 and 2258944.
32
Calculate the highest common factor of 6712 and 216.
8
Calculate the highest common divisor of 186527 and 1094.
547
What is the highest common factor of 42 and 73374?
42
What is the highest common divisor of 1794 and 1333839?
897
Calculate the highest common factor of 1015 and 203609.
203
What is the highest common factor of 72 and 149496?
24
Calculate the highest common factor of 336 and 3885.
21
What is the highest common factor of 1167 and 106975?
389
What is the highest common divisor of 69 and 2235?
3
Calculate the greatest common factor of 1679 and 20608.
23
What is the greatest common divisor of 170 and 77078?
34
Calculate the highest common divisor of 622172 and 436.
436
Calculate the greatest common factor of 75874 and 236.
118
Calculate the highest common divisor of 1903 and 11.
11
What is the greatest common factor of 3066 and 11023?
73
What is the greatest common divisor of 2 and 15187?
1
Calculate the greatest common divisor of 4408 and 870.
58
What is the highest common factor of 13065 and 34164?
39
Calculate the highest common factor of 52360 and 42585.
85
Calculate the greatest common factor of 346 and 80099.
173
Calculate the highest common divisor of 515 and 4270.
5
Calculate the greatest common factor of 11590 and 1342.
122
Calculate the greatest common divisor of 77546 and 1160.
58
Calculate the highest common divisor of 60 and 669420.
60
Calculate the greatest common divisor of 3114 and 243.
9
Calculate the highest common factor of 61 and 85949.
61
Calculate the greatest common factor of 117468 and 2016.
36
What is the greatest common divisor of 656 and 105944?
328
Calculate the highest common factor of 40 and 22380.
20
What is the highest common factor of 87 and 410901?
87
Calculate the greatest common divisor of 53 and 1767603.
53
What is the highest common divisor of 805225 and 150?
25
Calculate the highest common divisor of 134 and 290646.
134
What is the greatest common divisor of 192 and 7056?
48
What is the highest common factor of 270 and 101304?
54
Calculate the highest common divisor of 448 and 256200.
56
Calculate the highest common divisor of 2061099 and 1863.
621
What is the highest common divisor of 360145 and 2261?
323
What is the greatest common factor of 124 and 258044?
124
What is the highest common divisor of 2864365 and 105?
35
What is the highest common divisor of 96 and 738?
6
Calculate the highest common divisor of 143143 and 605.
121
What is the highest common factor of 93929 and 77?
11
What is the greatest common factor of 2250 and 10035?
45
What is the highest common divisor of 25872 and 93632?
1232
Calculate the highest common divisor of 2117 and 189109.
29
Calculate the highest common divisor of 38734 and 2172.
362
Calculate the greatest common factor of 7387 and 2407.
83
Calculate the greatest common divisor of 37120 and 145.
145
What is the greatest common divisor of 118255 and 335?
335
Calculate the highest common divisor of 21700 and 106925.
175
What is the highest common factor of 2015 and 1913847?
403
Calculate the highest common divisor of 5 and 137355.
5
Calculate the greatest common factor of 7 and 2525593.
7
What is the greatest common factor of 284492 and 598?
26
Calculate the highest common factor of 3575 and 352.
11
What is the greatest common factor of 90 and 26154?
18
Calculate the greatest common divisor of 8062 and 174.
58
Calculate the highest common divisor of 6200 and 99800.
200
Calculate the highest common factor of 93 and 134106.
93
What is the highest common divisor of 21141 and 667?
29
Calculate the greatest common factor of 19809 and 63900.
639
Calculate the greatest common divisor of 32 and 280880.
16
What is the highest common divisor of 44 and 2675882?
22
Calculate the highest common factor of 111 and 1258.
37
What is the greatest common divisor of 630 and 360390?
30
Calculate the greatest common factor of 1279447 and 169.
13
What is the greatest common factor of 1281 and 120963?
183
What is the greatest common factor of 60 and 168060?
60
What is the highest common factor of 318 and 263622?
318
What is the greatest common factor of 1683 and 44946?
99
What is the greatest common divisor of 72380 and 30550?
470
What is the highest common factor of 10383 and 237?
3
What is the greatest common divisor of 347923 and 1888?
59
What is the greatest common divisor of 70217 and 147?
49
Calculate the highest common factor of 402 and 486.
6
Calculate the highest common factor of 23511 and 51.
51
Calculate the highest common factor of 40 and 59420.
20
What is the highest common factor of 1573 and 1378?
13
Calculate the greatest common divisor of 522 and 3283641.
261
What is the greatest common divisor of 12 and 449048?
4
Calculate the highest common divisor of 8084 and 473.
43
Calculate the highest common factor of 168 and 82614.
42
Calculate the greatest common divisor of 184 and 47518.
46
What is the greatest common factor of 810400 and 416?
32
Calculate the highest common divisor of 8968 and 1387.
19
Calculate the highest common factor of 2674 and 14.
14
Calculate the greatest common divisor of 720 and 460.
20
Calculate the greatest common divisor of 375 and 38175.
75
What is the greatest common factor of 3012 and 552?
12
Calculate the greatest common factor of 56559 and 697.
17
What is the highest common factor of 437634 and 738?
738
Calculate the highest common divisor of 133872 and 48.
48
Calculate the greatest common divisor of 1005 and 381795.
15
Calculate the greatest common factor of 97309 and 1387.
73
What is the highest common divisor of 2222 and 512777?
101
What is the greatest common factor of 2 and 859646?
2
What is the highest common divisor of 3550970 and 20?
10
Calculate the highest common factor of 6164 and 5888.
92
What is the highest common divisor of 540 and 1145610?
270
What is the greatest common divisor of 2860 and 1986140?
260
Calculate the greatest common factor of 55460 and 6018.
118
Calculate the greatest common factor of 134711 and 23.
23
What is the highest common factor of 437644 and 46?
46
Calculate the highest common factor of 9424 and 15428.
76
Calculate the highest common divisor of 70 and 6007330.
70
Calculate the greatest common factor of 30620 and 8.
4
What is the greatest common factor of 11 and 621203?
11
Calculate the greatest common factor of 2296 and 735007.
287
What is the greatest common divisor of 4431756 and 24?
12
What is the highest common divisor of 1400 and 18970?
70
Calculate the highest common factor of 132525 and 31.
31
Calculate the highest common divisor of 3132 and 484.
4
Calculate the greatest common divisor of 32 and 4782352.
16
Calculate the highest common divisor of 42 and 327138.
42
Calculate the greatest common divisor of 532357 and 177.
59
Calculate the greatest common factor of 10156 and 2.
2
Calculate the highest common divisor of 5313992 and 424.
424
What is the highest common divisor of 4914 and 7182?
378
Calculate the greatest common divisor of 4827 and 1536.
3
What is the highest common divisor of 861 and 149